{"version":"1.0","provider_name":"Revista Insurance Corp | PT-BR","provider_url":"https:\/\/insurancecorp.com.br\/pt","author_name":"Publica\u00e7\u00e3o","author_url":"https:\/\/insurancecorp.com.br\/pt\/author\/redacao\/","title":"Aconseg-RJ celebra seus 25 anos | Revista Insurance Corp | PT-BR","type":"rich","width":600,"height":338,"html":"<blockquote class=\"wp-embedded-content\" data-secret=\"wa5Wzp3wee\"><a href=\"https:\/\/insurancecorp.com.br\/pt\/2023\/05\/12\/aconseg-rj-celebra-seus-25-anos\/\">Aconseg-RJ celebra seus 25 anos<\/a><\/blockquote><iframe sandbox=\"allow-scripts\" security=\"restricted\" src=\"https:\/\/insurancecorp.com.br\/pt\/2023\/05\/12\/aconseg-rj-celebra-seus-25-anos\/embed\/#?secret=wa5Wzp3wee\" width=\"600\" height=\"338\" title=\"&#8220;Aconseg-RJ celebra seus 25 anos&#8221; &#8212; Revista Insurance Corp | PT-BR\" data-secret=\"wa5Wzp3wee\" frameborder=\"0\" marginwidth=\"0\" marginheight=\"0\" scrolling=\"no\" class=\"wp-embedded-content\"><\/iframe><script type=\"text\/javascript\">\n\/*! This file is auto-generated *\/\n!function(c,d){\"use strict\";var e=!1,o=!1;if(d.querySelector)if(c.addEventListener)e=!0;if(c.wp=c.wp||{},c.wp.receiveEmbedMessage);else if(c.wp.receiveEmbedMessage=function(e){var t=e.data;if(!t);else if(!(t.secret||t.message||t.value));else if(\/[^a-zA-Z0-9]\/.test(t.secret));else{for(var r,s,a,i=d.querySelectorAll('iframe[data-secret=\"'+t.secret+'\"]'),n=d.querySelectorAll('blockquote[data-secret=\"'+t.secret+'\"]'),o=new RegExp(\"^https?:$\",\"i\"),l=0;l<n.length;l++)n[l].style.display=\"none\";for(l=0;l<i.length;l++)if(r=i[l],e.source!==r.contentWindow);else{if(r.removeAttribute(\"style\"),\"height\"===t.message){if(1e3<(s=parseInt(t.value,10)))s=1e3;else if(~~s<200)s=200;r.height=s}if(\"link\"===t.message)if(s=d.createElement(\"a\"),a=d.createElement(\"a\"),s.href=r.getAttribute(\"src\"),a.href=t.value,!o.test(a.protocol));else if(a.host===s.host)if(d.activeElement===r)c.top.location.href=t.value}}},e)c.addEventListener(\"message\",c.wp.receiveEmbedMessage,!1),d.addEventListener(\"DOMContentLoaded\",t,!1),c.addEventListener(\"load\",t,!1);function t(){if(o);else{o=!0;for(var e,t,r,s=-1!==navigator.appVersion.indexOf(\"MSIE 10\"),a=!!navigator.userAgent.match(\/Trident.*rv:11\\.\/),i=d.querySelectorAll(\"iframe.wp-embedded-content\"),n=0;n<i.length;n++){if(!(r=(t=i[n]).getAttribute(\"data-secret\")))r=Math.random().toString(36).substr(2,10),t.src+=\"#?secret=\"+r,t.setAttribute(\"data-secret\",r);if(s||a)(e=t.cloneNode(!0)).removeAttribute(\"security\"),t.parentNode.replaceChild(e,t);t.contentWindow.postMessage({message:\"ready\",secret:r},\"*\")}}}}(window,document);\n<\/script>\n","thumbnail_url":"https:\/\/insurancecorp.com.br\/pt\/wp-content\/uploads\/2023\/05\/Aconseg-25-anos-Churrascaria-Fogo-de-Chao-scaled-e1683917414760.jpg","thumbnail_width":2553,"thumbnail_height":1478,"description":"Num clima de total confraterniza\u00e7\u00e3o e muita emo\u00e7\u00e3o, a Associa\u00e7\u00e3o das Empresas de Assessoria e Consultoria de Seguros do Estado do Rio de Janeiro (Aconseg-RJ) reuniu o mercado de seguros em comemora\u00e7\u00e3o aos seus 25 anos, realizada na quinta-feira, dia 11 de maio, na Churrascaria Fogo de Ch\u00e3o, no Rio. Com um coquetel seguido de [&hellip;]"}

Publicação

Num clima de total confraternização e muita emoção, a Associação das Empresas de Assessoria e Consultoria de Seguros do Estado do Rio de Janeiro (Aconseg-RJ) reuniu o mercado de seguros em comemoração aos seus 25 anos, realizada na quinta-feira, dia 11 de maio, na Churrascaria Fogo de Chão, no Rio. Com um coquetel seguido de [&hellip;]
